q) = q**3 + 4*q**2 + q + 2. Calculate v(a).
8
Suppose 6 = -3*d - 9. Let b(w) be the third derivative of 0*w + 1/24*w**4 + 2/3*w**3 + w**2 + 0. Calculate b(d).
-1
Let f(z) be the second derivative of 4*z + 0 - 1/6*z**4 - z**2 - 1/2*z**3. Give f(-2).
-4
Suppose -3 = -k - 10. Let n(m) = -m**3 - 6*m**2 + 4*m - 4. Determine n(k).
17
Suppose 0 = -28*k + 29*k - 7. Let g(u) = u - 8. Determine g(k).
-1
Suppose 0 = 2*h + 5*w - 8, -16 = -0*h - 4*h - w. Suppose -6*n + 8 = -h*n. Let c(s) = -4*s + 16*s**2 - 15*s**2 + 2 + 0*s**2. Calculate c(n).
2
Let m(t) = 3*t + t - 5*t. Let p = -7 - -12. Suppose 2*f + 24 = -5*x, 5*x - f + p = -13. What is m(x)?
4
Let z(y) = 2*y - 6*y + 0*y + 2 - y**2. Calculate z(-3).
5
Let r(t) be the first derivative of t**2/2 - 2*t - 6. What is r(-2)?
-4
Let i(q) = -q**3 - 3*q**2 + 4*q - 4. Let v = 6 + -7. Let d be 8*(-1)/(-2)*v. Give i(d).
-4
Let l(n) = -n**3 + 9*n**2 + 10*n + 3. Let y be l(10). Let v(x) = 4*x**2 - 5 + 3*x + x + 3 - y*x**2. Give v(-3).
-5
Let a = -2 - 0. Suppose -4*m - 1 = g, 3*m + 1 = -2. Let x(k) = g + 4*k - 1 + 0*k. Calculate x(a).
-6
Suppose -2*c = -r, 0 + 8 = 2*r. Let m(y) be the first derivative of 2*y**3/3 - 2*y**2 + 3*y - 41. Give m(c).
3
Let q(m) be the first derivative of -m**4/4 + 5*m**3/3 + 4*m**2 - 12. What is q(6)?
12
Let i(t) = t**2 - 4*t + 2. Let z be i(4). Let q(c) = -z - 3 + 0 + 0 - c. Let m = 2 - 6. Determine q(m).
-1
Let l(v) = v - 14. Suppose -34 = -6*j + 2. Calculate l(j).
-8
Let p(x) = x**3 - x**2 + 1. Let j = 13 - 12. Calculate p(j).
1
Let s(k) = -5*k + 1 + k**3 + 6*k**2 + 7*k + 3. What is s(-5)?
19
Let q be 2*-1 - (-3 + -3). Let n(z) = -z**3 - 2 + 5*z**2 - 4*z + 0*z + 1. Let r be n(q). Let b(t) = -7*t**3 - t**2 + t + 1. Give b(r).
6
Let u(t) = 3*t**2 + 0*t**3 + 4*t - t**3 - 3*t**2 + t**2. Give u(3).
-6
Let t(i) = i - 1. Let n(m) = -4*m + 1. Let c = 0 - -1. Let w(k) = c*n(k) + 3*t(k). What is w(5)?
-7
Let n(t) be the first derivative of -t**3/3 - t**2/2 - 6*t - 37. Calculate n(0).
-6
Let w(p) = -3*p - 1. Let l be w(-1). Let r(k) = 4*k**3 - 3*k**3 - 3 - 5*k + k + 2*k**l. Determine r(-3).
0
Let p(j) = j**3 + 7*j**2 + 6*j - 1. Let d(b) = b**3 + 8*b**2 + 7*b - 1. Let f(m) = 3*d(m) - 4*p(m). Give f(-3).
1
Let n(v) = -v**2 - 6. Let t(y) = y. Let x be (-1)/3 + 5/15. Let q be t(x). Determine n(q).
-6
Let k be (-2)/2 + (-12)/6*-1. Let j(x) = x**3 - x**2 + 1. What is j(k)?
1
Let s(f) be the first derivative of 3*f + 3*f**2 - 6*f**2 + f**2 - 1. What is s(2)?
-5
Suppose 5*o - 44 = -y, o - 5 - 7 = -y. Let v be (-2)/o - 17/(-4). Let z(m) = 6 - 1 + 3*m + 7 - v*m. Calculate z(5).
7
Let k(u) = -u + 4. Let t be (-16)/(-7) + (-8)/28. Let s be k(t). Suppose s*l + 4 = l. Let v(f) = f**2 + 2*f - 5. Determine v(l).
3
Suppose -3 = 3*u - y, -4*u + y - 3 = -0*y. Suppose u = 3*d + d - 12. Let t(b) be the first derivative of -b**4/4 + b**3 + b**2/2 - 3. Give t(d).
3
Let f = 29 + -51. Let z be 8/(-2)*11/f. Let j(q) = 3*q - 3. Calculate j(z).
3
Let a(v) = -2*v - v + 1 + v. Let s = -148 + 151. Calculate a(s).
-5
Let y(r) be the first derivative of -r**2 + 7*r - 2. Suppose 5 = 5*d, 4*d + 14 = 3*h + 3*d. Let p be (-3)/6*0 + h. What is y(p)?
-3
Let r(h) = h + 15. Let y be r(-13). Let j(o) = 3 + o**y + 0*o**2 + o**3 + 0*o + 2*o. Calculate j(-2).
-5
Suppose -2 + 20 = 2*f. Let u(i) = -11*i**2 + 5*i - 7. Let w(s) = 5*s**2 - 2*s + 3. Let c(q) = f*w(q) + 4*u(q). Determine c(-3).
2
Let q(l) = l**3 - 7 + 6*l**2 - 3 + 12. Calculate q(-6).
2
Let t(l) be the second derivative of -l**3/6 + l**2 + 16*l. Calculate t(1).
1
Let r(o) = 3 + 3*o**3 - 4*o**3 + 4*o**3 - 5*o**2 - 2*o**3 - 8*o. Give r(6).
-9
Let r(f) = -4*f - 37. Let b be r(-9). Let n(q) = 8*q. Give n(b).
-8
Let c(n) = 2*n + 2. Let w(u) = -3*u - 4. Let f(v) = -v - 1. Let t(p) = 4*f(p) - w(p). Let k = 16 + -19. Let d be t(k). Calculate c(d).
8
Let m(o) = -o. Let s(p) = -p**3 - 5*p**2 + 5*p - 4. Let y be s(-6). Let w(z) = y + z**2 + 4*z**2 + z**3 + 0*z**3 + 3*z. Let a be w(-4). Give m(a).
-6
Let t(p) = -6*p**2 - 21*p + 1. Let r(a) = -a**2 - 4*a. Let j(n) = -11*r(n) + 2*t(n). Suppose -5*y = 10, 5*y = -b + 4 - 12. Calculate j(b).
2
Let v(q) = -q**3 + 6*q**2 - 5. Let j(u) = u**3 - 5*u**2 + 5*u + 2. Let f be j(4). What is v(f)?
-5
Let f(c) = c**3 + 4*c**2 - 13*c - 2. Let p be f(-6). Let u(l) = -2*l**2 + 4*l. What is u(p)?
-16
Let p(q) = q**2 - q. Suppose 0 = -5*o - 10 - 60. Let b = 12 + o. Determine p(b).
6
Let t(d) = 3*d**3 - 2*d**3 + 7*d**2 - 4 - 3*d**2 + d. Determine t(-4).
-8
Suppose 125*g - 121*g - 8 = 0. Let p(x) = -5*x - 4 + 5 + 2. What is p(g)?
-7
Let k(y) = 7*y + 1. Let f(h) = -48*h - 6. Let z(u) = -4*f(u) - 27*k(u). What is z(5)?
12
Let x(o) = -3*o - 10. Let z(a) = 2*a + 5. Let w(j) = j**2 - 8*j - 3. Let f be w(8). Let c(l) = f*x(l) - 5*z(l). Calculate c(0).
5
Let u(j) = j**2 - 2*j + 1. Let k(c) = c**2 + c + 1. Let s be k(-2). Let i be u(s). Let w(m) = -3*m + 0*m - 2 + i*m. Give w(3).
1
Let l be 5 - (3/(-3))/(-1). Let z(i) = -2*i + 5*i - l - 2*i - 3*i. What is z(-4)?
4
Let r be (-10)/25 - (-17)/5. Let u(s) = -s - r*s + 7 + 2*s. Let l = -4 + 9. Calculate u(l).
-3
Let c(m) = -m**3 - m**2 - m - 1. Let o(p) = -p**3 - 3*p**2 - p - 7. Let b(j) = -2*c(j) + o(j). What is b(0)?
-5
Let q(f) = -6*f - 5. Let u(l) = -13*l - 10. Suppose 0 = -2*m - m - 27. Let g(t) = m*q(t) + 4*u(t). Give g(-5).
-5
Let u(p) = -4*p**3 - 1. Let c(q) = q**3 + 11*q**2 + 2*q + 14. Let g be c(-11). Let j = -9 - g. What is u(j)?
3
Let i(f) = f**2 + 3*f + 3. Suppose 2 = 2*s - 4. Suppose s*h + 6*r - 4*r - 4 = 0, 0 = 4*h + 2*r - 2. Calculate i(h).
1
Let g(b) = 4*b - 2. Let n be 14/(-4) + -2 + (-3)/(-2). What is g(n)?
-18
Let q(k) = 6*k**3 - k**2 - k + 1. Suppose -8 = -4*i - 4*i. Give q(i).
5
Let p = -171 - -170. Let q(z) = -28*z**3 - z**2 + 1. What is q(p)?
28
Let c(x) = x. Suppose -3 - 5 = -2*h. Let m = -2 - -4. Let i = m - h. Give c(i).
-2
Let n(x) = 2*x - 7. Let y(c) = -c**2 + 10*c - 12. Let s be y(7). Suppose -5*a = -34 + s. What is n(a)?
3
Let r = 3 - 3. Suppose 16 = -r*k - 4*k. Let q(o) = -o**2 - 2*o + 5. Determine q(k).
-3
Let l(g) be the second derivative of -g**7/840 - g**6/60 + g**5/120 + g**4/8 + g**3/6 - 5*g. Let f(d) be the second derivative of l(d). Determine f(-6).
-3
Let b(t) = -t**2 - 7*t - 3. Let v(a) = a**2 + 7*a + 2. Let g(l) = 4*b(l) + 3*v(l). Determine g(-6).
0
Let u be 2/(-5) - (-52)/5. Let v be 2/(24/u + -2). Let w(k) = -5*k**2 + 6*k - 6. Let x(z) = 6*z**2 - 6*z + 6. Let m(q) = -5*w(q) - 4*x(q). Give m(v).
1
Let f(a) = 4*a + 15. Let t(p) = 2*p + 7. Let i(x) = 6*f(x) - 13*t(x). Let h be -3*(-2)/6 - 2. What is i(h)?
1
Let n(g) = g**3 + g**2 + g - 11. Suppose -5*a + 3 = -27. Let d(k) = -k**3 - k + 10. Let b(u) = a*d(u) + 5*n(u). Give b(5).
0
Suppose 7*o + 4 = 3*o. Let j(z) = -5*z + z + 1 + 0. Determine j(o).
5
Let i(c) = c**2. Let n be i(1). Suppose -s + n = 7. Let y = s - -9. Let w(x) = 2*x - 3. Give w(y).
3
Let f be (-4)/(-14) - 6/21. Let h = f - 3. Let m(v) = 12*v + 1. Let y(c) = -c. Let a(b) = -4*m(b) - 44*y(b). Calculate a(h).
8
Let j = -11 - -7. Let u(x) = -20*x - 2. Let g(l) = -10*l - 1. Let c(z) = j*u(z) + 7*g(z). Calculate c(1).
11
Let w(s) = s**3 + 6*s**2 + 3*s - 6. Let t be (-3 + -3)*(-1 - 0). Let u be -5 - 0/(t/(-2)). Give w(u).
4
Let t(s) = -s**2 + s. Let p(j) = -j**2 + 4*j - 1. Let o be p(3). Suppose -l + o = 3. Let y(m) = -7*m**2 + 6*m + 2. Let z(u) = l*y(u) + 6*t(u). Give z(-3).
7
Let d(s) be the second derivative of s**4/12 + s**3 + 44*s. Calculate d(-6).
0
Let r(h) = -5*h + h**3 + 1 - 3*h**2 + 2*h**2 + 2 + 0. Suppose 3*w - 15 = -3*i + 9, 2*w - 4*i + 14 = 0. Determine r(w).
6
Let v(r) = -r + 9. Let s be 100/(-2) + 2/1. Let j be (1 - 0)/(2/s). Let w be (-90)/j - (-1)/4. Determine v(w).
5
Let y(k) = -k**2 - k - 4. Let u(n) = n**2 - n. Let a be u(1). Determine y(a).
-4
Suppose 3 = -3*s + 3*i, 2*s - 5 = 5*s - 5*i. Suppose -22 = 2*u - 4*x, -2*x + 4*x - 6 = s. Let q(y) = 3*y + 5. What is q(u)?
-10
Let s = 5 - 9. Let w(i) = i**3 + 5*i**2 + 5*i - 2. Give w(s).
-6
Let u = 7 + 2. Let f(y) = u*y - 9*y - 6*y - 2. Calculate f(2).
-14
Let y(i) = i**2 - 2*i + 2. Let w = 8 - 2. Let n(k) = k**2 - k + 1. Let v(g) = w*n(g) - 5*y(g). What is v(-4)?
-4
Let c = 7 - 11. Let t(h) be the third derivative of 1/20*h**5 + 0*h + h**2 + 0 - 1/3*h**3 + 1/120*h**6 - 1/8*h**4. Determine t(c).
-6
Let y(a) = 4 + 